+ (-10 - -6). What are the prime factors of ((-7)/(-3) + f/3)*30?
2, 3, 5
Let l(h) = h**3 + 21*h**2 + 23*h + 1. List the prime factors of l(-10).
13, 67
What are the prime factors of 1985 + 1 + -6 + -6?
2, 3, 7, 47
Suppose 3*s - 59902 = 96*i - 101*i, -i - 79900 = -4*s. List the prime factors of s.
2, 3, 3329
Suppose -9*a = -67 + 13. Let b(p) = p**3 - 4*p**2 + 19*p - 26. What are the prime factors of b(a)?
2, 5
Let o(n) = 69*n**2 + 33*n + 18. List the prime factors of o(7).
2, 3, 5, 11
Let h(j) = -1168*j**3 + j**2 + j. Let t be h(-1). Suppose -3*d - 814 = -2*q, -4*q + d = -t - 480. What are the prime factors of q?
7, 59
Suppose -2*p - 9 = -5*v, -2*v - 2*p + 10 = -2. Suppose 2*r - 3*f - 184 = r, -v*r = f - 502. What are the prime factors of r?
13
Suppose 9*u - 12*u - 3 = 0, 4*z - 4*u - 6372 = 0. What are the prime factors of z?
2, 199
List the prime factors of (94*-2)/((-9)/945*10).
2, 3, 7, 47
Suppose 146 = 8*r - 1678. Suppose 0 = -26*y + 11966 + r. List the prime factors of y.
7, 67
Let v(u) = -513*u + 5356. List the prime factors of v(-77).
31, 1447
Let s be 0 + (96 - -3 - -3). Suppose 5*h - s = 3*b, -b = 2*h - 7*h + 94. List the prime factors of 752/h - (-14)/63.
2, 3, 7
Let t = -7440 + 16033. What are the prime factors of t?
13, 661
List the prime factors of 44180/(-12)*9/(-1).
3, 5, 47
Suppose j + 6 = -180. Let i = -280 + 176. Let s = i - j. List the prime factors of s.
2, 41
Suppose 0 = -10*w - 12 - 148. Let s = -12 + w. List the prime factors of (s/2)/(6/(-42)).
2, 7
Suppose -i + 6*g = -20737, 0 = -3*i - 2*g + 62736 - 505. List the prime factors of i.
20743
Suppose 151*t + 3*y = 155*t - 74867, -4*t = 4*y - 74916. What are the prime factors of t?
2, 11, 23, 37
Let t(v) = -9*v + 2. Let p(d) = d + 2. Let g = 16 - 22. Let u be p(g). What are the prime factors of t(u)?
2, 19
Let n(u) = -u**3 - 3*u**2 + 3*u + 3. Let b be n(-2). Let j = 70 + -39. Let l = j - b. What are the prime factors of l?
2, 19
Let p(g) = g - 1. Let d(n) = 52*n + 11. Let i(f) = -d(f) - 5*p(f). Let m be i(-2). Suppose 3*a + m = 3*c, 0*a = -c - 5*a + 48. What are the prime factors of c?
2, 19
Suppose 51744 = 117*h - 96*h. List the prime factors of h.
2, 7, 11
Let y be 6 - (-192 + -9 - -2). Let o = y + -180. What are the prime factors of o?
5
Suppose u + g = 4*u - 17534, 2*u = -5*g + 11712. List the prime factors of u.
2, 37, 79
Let r(q) be the third derivative of -q**6/60 - 17*q**5/60 - 3*q**4/2 - q**3 - 3*q**2 - 7. What are the prime factors of r(-10)?
2, 3, 109
Let w(k) = 1638*k**2 - 23*k + 113. List the prime factors of w(-7).
2, 10067
Let z(y) = -y + 6 - 1 + 2. Let f(k) = k - 6. Let n(t) = 5*f(t) + 4*z(t). What are the prime factors of n(5)?
3
Let f(b) = 2*b**3 + 95*b**2 + 215*b + 100. List the prime factors of f(-40).
2, 5, 31
Suppose 3*g + 7*g = 10. Suppose -16 = -2*v + 5*d - g, 0 = v - 4*d - 12. Let l = 85 + v. List the prime factors of l.
5, 17
Let a(p) = p**2 + 8*p + 7. Let m be a(-7). Suppose -2*r = -m*r + 32. What are the prime factors of (180/r)/(6/(-16))?
2, 3, 5
Let i(w) be the third derivative of 5*w**4/24 - 7*w**3/6 - 2*w**2. Suppose 0 = -20*r + 135 + 5. What are the prime factors of i(r)?
2, 7
Suppose 0*a - 3*a = -5*p - 9, 4*a = 2*p + 12. Suppose 716 = a*o + 275. What are the prime factors of o?
3, 7
Let t(o) = 1964*o - 1512. List the prime factors of t(15).
2, 3, 17, 137
Suppose 2*q - 498 = 1602. Suppose 0 = -4*g + j + q, 2*g - 5*g + 784 = j. What are the prime factors of g?
2, 131
Suppose -3*m + 0*m = -9. Let g be (18/12)/((-2)/(-4)). Suppose -l - 686 = -g*p, -m*p + 2*l = 5*l - 666. What are the prime factors of p?
227
Let v be (-3)/(-24) - ((-9)/(-8) - 1). Suppose 2*s - 6 = 0, -4*k + 0*k - 4*s + 1844 = v. What are the prime factors of k?
2, 229
Let j be ((-3)/(-9)*0 + 3299)*1. Let t = j + -2252. Suppose 283 = b - 5*u, 4*b - 3*u = -0*u + t. List the prime factors of b.
2, 3, 43
Let s(b) = -55*b - 1. Suppose g = -2*i - 2*i - 32, 32 = -4*i - 3*g. List the prime factors of s(i).
439
Let n(k) = -4*k + 26. Suppose 5*z - x = 35, 3 = 5*z + 5*x - 2. Suppose 3*v = 4*v - z. What are the prime factors of n(v)?
2
Let z(l) = -4658*l - 4119. What are the prime factors of z(-6)?
3, 13, 47
Let c(q) be the third derivative of q**5/20 + 5*q**4/24 - 11*q**3/3 + 2*q**2 + 17*q. List the prime factors of c(-8).
2, 5, 13
Let l be 7/(0 + 7)*13/1. Suppose 8295 = l*t - 1962. What are the prime factors of t?
3, 263
Let m = -138 + 231. List the prime factors of m/(2*2/4).
3, 31
Suppose -p = -3*t - 30, 5*p = -3*t - 3 - 9. Let y(q) = -q - 9. Let f be y(t). Suppose -5*i - 3*g + 91 = 0, -i - 2*g + 4*g + 26 = f. List the prime factors of i.
2, 5
Let q be (4/1 + -3)*-6. Let w(u) = -7*u**2 - 8*u - 4. Let y be w(q). What are the prime factors of y/(-3) - (-4)/(-12)?
3, 23
Suppose 3*h - 61110 = -14*h - h. List the prime factors of h.
5, 7, 97
Let a(x) = 115*x - 2. Let n = 28 - 27. Let m be a(n). Suppose 2*d = 1 + m. What are the prime factors of d?
3, 19
Let l(q) = 12*q**2 + 4*q + 22. Let x be l(-3). Let a = 98 - x. Let h(j) = -j**3 - 21*j**2 - 26*j + 1. What are the prime factors of h(a)?
11
Suppose 60*u - 278665 = -14*u - 88485. List the prime factors of u.
2, 5, 257
Let m be 15591/(-9) - ((-26)/6 - -4). List the prime factors of m/(-16)*(12 - 8).
433
Suppose 2*l - 61 = 3*w, -l = -6*l - 5*w + 190. Suppose r = l + 64. What are the prime factors of r?
3, 11
Let v(q) = -3*q + 7426. Let j be v(0). Suppose -9*h = 38*h - j. List the prime factors of h.
2, 79
Suppose -2*j + 2770 = -1416. Suppose 2*d - d = -5*i + 5219, -2*i + 5*d = -j. What are the prime factors of i?
2, 3, 29
Let j(q) = -14*q**2 - 47*q + 1. Let y be j(-3). Suppose y*v - 7623 = 14537. List the prime factors of v.
5, 277
Let m(g) = -6*g - 6. Let j be m(-2). Let x be j/4*24/(-18) + -21. Let p(y) = y + 29. List the prime factors of p(x).
2, 3
Let a(x) = -4*x**2 + 24*x - 24. Let f be a(1). List the prime factors of 4/18 - (272976/54)/f.
2, 79
Suppose -f = 4*f - 5. Let t be (f - 0 - (0 + 0))*-1. List the prime factors of 202/6 + t + 4/(-6).
2
Suppose -k - 3*c + 9576 = 0, 42*c - 37*c = -3*k + 28704. List the prime factors of k.
2, 3, 59
Suppose 0 = 2*h - 8 + 38. Let g(x) = -5*x**2 - 15*x + 9*x**2 + 22 - 5*x**2. What are the prime factors of g(h)?
2, 11
Suppose 10*x - 77 = 3*x. Suppose 0 = -x*m + 8*m + 18. Suppose 2*o - 73 = -2*v + 143, m = 2*v. What are the prime factors of o?
3, 5, 7
Let o = 71 + -54. Suppose 0 = -12*k + o*k - 80. Let i(u) = u**2 - 9*u - 14. List the prime factors of i(k).
2, 7
Let b(o) = -81*o - 52. Let r be b(-2). Suppose 4*k - 1213 = -3*p + r, 2*p - 1645 = -5*k. List the prime factors of k.
3, 109
Suppose y + 2 = 7. Suppose 3*b - y*j - 797 = 0, -5*b - 5*j + 1395 = -0*b. What are the prime factors of b?
2, 137
Let n = -15381 + 35452. List the prime factors of n.
20071
Let i = -3184 + 7022. List the prime factors of i.
2, 19, 101
Let w = -365 + 365. Let x = w - -43. List the prime factors of x.
43
What are the prime factors of (10 + (-135032)/(-32))*(-21 - -33)?
3, 7, 2417
Suppose -568 = 43*r - 4653. List the prime factors of (-280 - r)*(-32)/10.
2, 3, 5
Suppose -19*p - 174 = -21*p. Suppose l + 84 - p = 0. List the prime factors of (-3 - -2) + l + 10 + -3.
3
List the prime factors of (16 + -11 - 3)/(-1*8/(-70852)).
17713
Let r(z) = -49*z - 118. List the prime factors of r(-10).
2, 3, 31
Let r(y) = -y**3 - 13*y**2 + 2*y - 15. Suppose -n - 48 = -5*c, 3*n - 2*n + 21 = 2*c. Let d(v) = -10*v + 76. Let s be d(c). List the prime factors of r(s).
3, 17
Let l = 7013 - -889. List the prime factors of (1/((-27)/l))/(4/(-12)).
2, 439
Suppose -174*k = -179*k + 25. Suppose 4*n - k*b = -n + 1200, 0 = 5*b. List the prime factors of n.
2, 3, 5
Let h be (2 + (-4)/2)*18/36. Suppose h = -74*f + 77*f - 345. What are the prime factors of f?
5, 23
Suppose 2*q + 3 - 11 = 0. Suppose 4*l - q = -0*l. Let m(p) = 9*p - 1. List the prime factors of m(l).
2
Let f be 6/((3 - 0) + -1). Let s be -2 - (-19*f + 4). Suppose -2*n + 37 = -s. List the prime factors of n.
2, 11
Let b(k) be the second derivative of -5/2*k**2 + 2/3*k**3 + 7/12*k**4 + 0 - 16*k - 1/20*k**5. List the prime factors of b(-4).
5, 31
Let t(u) = -24*u + 20. Let i(p) = -3*p**3 + 6*p**2 + 10. Let g be i(3). Let z be t(g). Suppose 4*j - z - 168 = 0. What are the prime factors of j?
1